 prime factors of 3831747.
3, 1277249
What are the prime factors of 439861?
439861
What are the prime factors of 17015955?
3, 5, 11, 281, 367
List the prime factors of 1266266.
2, 633133
List the prime factors of 93793.
7, 13399
What are the prime factors of 14727119?
11, 769, 1741
What are the prime factors of 310405?
5, 62081
List the prime factors of 6259582.
2, 7, 31, 14423
List the prime factors of 2839259.
31, 67, 1367
List the prime factors of 6276182.
2, 11, 285281
List the prime factors of 11042482.
2, 11, 501931
What are the prime factors of 8181326?
2, 4090663
List the prime factors of 11161208.
2, 19, 97, 757
List the prime factors of 691347.
3, 230449
What are the prime factors of 147410?
2, 5, 14741
List the prime factors of 10069844.
2, 29, 47, 1847
What are the prime factors of 2079494?
2, 131, 7937
List the prime factors of 858522.
2, 3, 7, 20441
What are the prime factors of 14588163?
3, 59, 83, 331
What are the prime factors of 241380?
2, 3, 5, 149
List the prime factors of 783151.
783151
List the prime factors of 27661491.
3, 11, 13, 21493
What are the prime factors of 5738891?
23, 249517
What are the prime factors of 432178?
2, 281, 769
List the prime factors of 20096100.
2, 3, 5, 827
What are the prime factors of 832282?
2, 11, 37831
List the prime factors of 499664.
2, 11, 17, 167
What are the prime factors of 3424331?
83, 41257
What are the prime factors of 32932562?
2, 13, 419, 3023
List the prime factors of 7954329.
3, 2651443
What are the prime factors of 264100?
2, 5, 19, 139
What are the prime factors of 725964?
2, 3, 60497
What are the prime factors of 183601?
11, 16691
List the prime factors of 2153079.
3, 239231
What are the prime factors of 787085?
5, 13, 12109
List the prime factors of 49954.
2, 24977
List the prime factors of 6137617.
313, 19609
List the prime factors of 1591562.
2, 7, 113683
List the prime factors of 122924.
2, 79, 389
List the prime factors of 643885.
5, 11, 23, 509
List the prime factors of 149714.
2, 74857
List the prime factors of 94124.
2, 23531
What are the prime factors of 767811?
3, 11, 53, 439
What are the prime factors of 22510243?
7, 3215749
List the prime factors of 711606.
2, 3, 7, 16943
What are the prime factors of 3070694?
2, 11, 29, 4813
What are the prime factors of 862419?
3, 103, 2791
List the prime factors of 262667.
17, 15451
List the prime factors of 10322174.
2, 53, 97379
What are the prime factors of 7332573?
3, 2444191
List the prime factors of 171703.
7, 19, 1291
List the prime factors of 12552.
2, 3, 523
List the prime factors of 9837811.
67, 146833
List the prime factors of 4202046.
2, 3, 43, 61, 89
What are the prime factors of 2047556?
2, 7, 73127
List the prime factors of 128919.
3, 7, 877
What are the prime factors of 9031094?
2, 53, 85199
List the prime factors of 5412369.
3, 41, 79, 557
List the prime factors of 163992.
2, 3, 6833
What are the prime factors of 2049176?
2, 256147
What are the prime factors of 1811016?
2, 3, 25153
What are the prime factors of 12805876?
2, 3201469
List the prime factors of 294642.
2, 3, 16369
What are the prime factors of 165101?
107, 1543
What are the prime factors of 2109490?
2, 5, 193, 1093
List the prime factors of 240832.
2, 53, 71
What are the prime factors of 38320?
2, 5, 479
List the prime factors of 11056531.
131, 84401
List the prime factors of 21210.
2, 3, 5, 7, 101
What are the prime factors of 6559544?
2, 819943
What are the prime factors of 299300?
2, 5, 41, 73
What are the prime factors of 611611?
7, 11, 13, 47
What are the prime factors of 8475591?
3, 739, 3823
What are the prime factors of 433423?
67, 6469
List the prime factors of 14112528.
2, 3, 41, 71, 101
List the prime factors of 7283920.
2, 5, 7, 13007
List the prime factors of 34347097.
34347097
What are the prime factors of 631577?
631577
What are the prime factors of 356473?
13, 17, 1613
What are the prime factors of 3178870?
2, 5, 317887
What are the prime factors of 2629686?
2, 3, 438281
List the prime factors of 26786.
2, 59, 227
What are the prime factors of 12966865?
5, 41, 43, 1471
What are the prime factors of 23791842?
2, 3, 1321769
List the prime factors of 630518.
2, 7, 29, 1553
List the prime factors of 28661649.
3, 89, 107347
List the prime factors of 1062375.
3, 5, 2833
What are the prime factors of 26501138?
2, 47, 281927
List the prime factors of 11831279.
11831279
List the prime factors of 705964.
2, 7, 19, 1327
List the prime factors of 170293.
170293
List the prime factors of 40405.
5, 8081
What are the prime factors of 21490431?
3, 17, 421381
What are the prime factors of 2363425?
5, 17, 67, 83
What are the prime factors of 39059?
139, 281
List the prime factors of 2866816.
2, 22397
What are the prime factors of 2319615?
3, 5, 19, 2713
What are the prime factors of 741811?
7, 15139
What are the prime factors of 744777?
3, 11, 7523
What are the prime factors of 27516078?
2, 3, 509557
List the prime factors of 34113.
3, 83, 137
List the prime factors of 7456772.
2, 353, 5281
List the prime factors of 111157.
29, 3833
List the prime factors of 2134228.
2, 73, 7309
What are the prime factors of 7917493?
29, 31, 8807
What are the prime factors of 230861?
230861
List the prime factors of 15716870.
2, 5, 13, 120899
List the prime factors of 4317225.
3, 5, 11, 5233
What are the prime factors of 1348001?
1348001
List the prime factors of 18178639.
433, 41983
List the prime factors of 11901980.
2, 5, 19, 31321
List the prime factors of 1617365.
5, 323473
List the prime factors of 346289.
29, 11941
What are the prime factors of 120875?
5, 967
List the prime factors of 295774.
2, 41, 3607
List the prime factors of 40571436.
2, 3, 31, 109063
What are the prime factors of 558498?
2, 3, 93083
List the prime factors of 6439506.
2, 3, 31, 89, 389
What are the prime factors of 905217?
3, 19, 15881
What are the prime factors of 1096445?
5, 7, 31327
List the prime factors of 90283.
137, 659
What are the prime factors of 27540639?
3, 7, 437153
List the prime factors of 119657.
119657
What are the prime factors of 25131?
3, 8377
List the prime factors of 1626378.
2, 3, 13, 29, 719
List the prime factors of 3113007.
3, 41, 25309
List the prime factors of 2433031.
571, 4261
List the prime factors of 15379325.
5, 13, 79, 599
What are the prime factors of 3624919?
3624919
List the prime factors of 4652525.
5, 149, 1249
What are the prime factors of 2012268?
2, 3, 61, 2749
List the prime factors of 1083947.
1083947
What are the prime factors of 74071?
74071
List the prime factors of 26171154.
2, 3, 241, 2011
What are the prime factors of 17094722?
2, 8547361
List the prime factors of 727227.
3, 80803
List the prime factors of 305548.
2, 76387
What are the prime factors of 2811297?
3, 19, 31, 37, 43
What are the prime factors of 3088926?
2, 3, 71, 2417
List the prime factors of 6521645.
5, 13, 100333
What are the prime factors of 1237166?
2, 7, 19, 4651
What are the prime factors of 1091568?
2, 3, 22741
What are the prime factors of 768363?
3, 256121
What are the prime factors of 244006?
2, 7, 29, 601
List the prime factors of 135854.
2, 67927
What are the prime factors of 1222384?
2, 19, 4021
List the prime factors of 114535.
5, 22907
What are the prime factors of 10893979?
10893979
List the prime factors of 1672503.
3, 7, 73, 1091
What are the prime factors of 338923?
13, 29, 31
List the prime factors of 1127827.
491, 2297
What are the prime factors of 81788?
2, 7, 23, 127
What are the prime factors of 2481012?
2, 3, 68917
List the prime factors of 7221271.
997, 7243
List the prime factors of 5203.
11, 43
List the prime factors of 547948.
2, 136987
What are the prime factors of 8382513?
3, 17, 164363
What are the prime factors of 246296?
2, 17, 1811
List the prime factors of 516969.
3, 41, 467
What are the prime factors of 423885?
3, 5, 7, 11, 367
What are the prime factors of 1564241?
7, 223463
What are the prime factors of 7844743?
139, 56437
What are the prime factors of 563657?
563657
What are the prime factors of 3256?
2, 11, 37
What are the prime factors of 1353301?
1353301
What are the prime factors of 2026670?
2, 5, 202667
What are the prime factors of 3476302?
2, 71, 24481
What are the prime factors of 1503840?
2, 3, 5, 13, 241
What are the pr